f 100?
False
Does 18 divide 2220854?
False
Does 2138 divide 243885238?
False
Is 447 a factor of 20906100?
False
Does 410 divide 949539259?
False
Does 22 divide 261664102?
False
Does 59 divide 253214306?
False
Is 33725904 a multiple of 61?
False
Is 5330 a factor of 993221247?
False
Is 1084 a factor of 519448490?
False
Is 146580 a multiple of 20?
True
Is 345918420 a multiple of 12?
True
Is 5647261312 a multiple of 3008?
True
Is 693588896 a multiple of 224?
True
Is 41504230 a multiple of 1070?
True
Does 6447 divide 419105549?
False
Is 887187742 a multiple of 2494?
False
Does 50 divide 296101073?
False
Is 304 a factor of 1051548160?
True
Does 247 divide 586429699?
False
Does 322 divide 224764046?
False
Does 3280 divide 55669043?
False
Is 2491901549 a multiple of 10?
False
Does 69 divide 57822?
True
Does 8920 divide 4979331519?
False
Does 565 divide 803622804?
False
Is 305 a factor of 39123483?
False
Is 49832331 a multiple of 34?
False
Is 338466974 a multiple of 2?
True
Does 12 divide 328519309?
False
Is 2147236 a multiple of 28?
True
Is 5654447 a multiple of 31?
False
Is 96 a factor of 102347696?
False
Is 66 a factor of 27270870?
True
Is 13 a factor of 271740043?
False
Is 31 a factor of 32689195?
False
Is 25728151 a multiple of 6?
False
Is 38 a factor of 676023443?
False
Is 178076094 a multiple of 399?
True
Is 26268187 a multiple of 37?
True
Is 85424629 a multiple of 2496?
False
Does 92 divide 7936012?
True
Is 14719320 a multiple of 810?
True
Is 645 a factor of 543487320?
True
Is 264 a factor of 50164802?
False
Does 363 divide 2337329775?
True
Is 69736472 a multiple of 356?
False
Is 56 a factor of 48831867?
False
Is 311600412 a multiple of 17?
True
Is 33467482 a multiple of 79?
False
Is 3 a factor of 32445670?
False
Does 172 divide 57837924?
True
Is 5793074 a multiple of 12?
False
Does 49 divide 187996420?
False
Is 70882275 a multiple of 5?
True
Does 93 divide 14561847?
True
Does 879 divide 57432102?
True
Is 314 a factor of 5040816394?
False
Is 10 a factor of 4697220?
True
Is 20 a factor of 14719412?
False
Is 407 a factor of 1194545?
True
Does 5124 divide 3731014980?
True
Is 663 a factor of 598671762?
True
Is 7732 a factor of 4234321552?
True
Does 200 divide 42575400?
True
Does 1939 divide 20747631?
False
Is 625209950 a multiple of 3950?
True
Is 271352419 even?
False
Is 26 a factor of 38072224?
False
Is 27210470 a multiple of 175?
False
Does 351 divide 253754397?
True
Does 300 divide 23667600?
True
Does 31 divide 960247469?
False
Is 43 a factor of 84810425?
False
Is 466 a factor of 192275794?
True
Is 488922176 a multiple of 544?
True
Is 38050520 a multiple of 730?
True
Is 14385525 a multiple of 275?
True
Is 216067694 a multiple of 337?
False
Is 32414580 a multiple of 1377?
True
Is 25 a factor of 64909550?
True
Does 329 divide 84722450?
False
Is 833913047 a multiple of 20?
False
Is 10 a factor of 44909288?
False
Is 1104 a factor of 192396288?
True
Is 2378 a factor of 342802968?
True
Is 198695036 a multiple of 4457?
False
Does 293 divide 205573206?
False
Does 1969 divide 361912398?
False
Is 84 a factor of 4092480?
True
Is 184 a factor of 417488272?
True
Does 86 divide 15761087?
False
Is 408 a factor of 8780976?
True
Is 58 a factor of 4239801624?
True
Does 71 divide 216442364?
True
Does 147 divide 26045313?
True
Is 16 a factor of 520347480?
False
Is 15 a factor of 644423671?
False
Is 7531 a factor of 303749925?
False
Is 1312283018 a multiple of 36?
False
Does 1363 divide 808894147?
False
Is 4 a factor of 51630494?
False
Does 595 divide 566575065?
True
Is 7335985 a multiple of 29?
True
Does 338 divide 1282828917?
False
Is 190 a factor of 1503837525?
False
Is 416 a factor of 322515924?
False
Is 1464027 a multiple of 28?
False
Is 26 a factor of 24460704?
False
Is 13 a factor of 906061?
True
Does 247 divide 149186024?
True
Does 1760 divide 26613032?
False
Does 79 divide 3597397?
False
Is 26 a factor of 105787701?
False
Is 3200101776 a multiple of 15336?
True
Is 3430 a factor of 462249094?
False
Is 469572650 a multiple of 272?
False
Is 23 a factor of 630901753?
True
Does 12 divide 298891032?
True
Does 558 divide 14391378?
True
Is 120697846 a multiple of 946?
False
Is 7 a factor of 19646953?
False
Is 202 a factor of 19082323?
False
Is 3615979851 a multiple of 33?
True
Is 35169840 a multiple of 90?
True
Is 354639453 a multiple of 750?
False
Is 693 a factor of 253476531?
True
Is 17 a factor of 440670804?
True
Does 1599 divide 103997073?
False
Is 711423864 a multiple of 18?
True
Is 10396395 a multiple of 9?
True
Is 876868188 a multiple of 6951?
False
Does 7 divide 169122569?
True
Does 1154 divide 84628882?
False
Is 32594799 a multiple of 1935?
False
Does 401 divide 20113270?
False
Is 144 a factor of 719000137?
False
Is 6698821 a multiple of 9?
False
Is 682 a factor of 393893192?
True
Does 5741 divide 56850993?
False
Is 107 a factor of 613106576?
True
Is 68181409 a multiple of 11?
False
Is 4 a factor of 113991426?
False
Is 2133 a factor of 33102027?
True
Is 8 a factor of 19042832?
True
Is 561602 a multiple of 19?
True
Does 404 divide 99228056?
True
Is 166927952 a multiple of 53?
True
Does 45 divide 2951820810?
True
Does 163 divide 681325581?
False
Is 4459056 a multiple of 322?
True
Is 18 a factor of 33572664?
True
Is 25 a factor of 667448946?
False
Is 154197054 a multiple of 2838?
True
Does 623 divide 2452128?
True
Does 365 divide 285019740?
True
Does 144 divide 564729696?
True
Is 14 a factor of 146459530?
True
Is 454266956 a multiple of 52?
True
Does 8 divide 4294800?
True
Does 1649 divide 198927115?
True
Is 797594130 a multiple of 134?
True
Does 4362 divide 1712102448?
True
Does 236 divide 29562623?
False
Is 11830904 a multiple of 4283?
False
Does 3636 divide 732283707?
False
Is 14 a factor of 15827042?
True
Does 10 divide 337555920?
True
Does 1337 divide 146098306?
False
Does 5659 divide 79759602?
False
Does 1070 divide 13021636?
False
Is 1270237814 a multiple of 146?
True
Is 446 a factor of 79583133?
False
Does 1831 divide 75816962?
False
Is 191 a factor of 470404541?
True
Is 287066741 a multiple of 13?
True
Does 322 divide 42611827?
False
Is 4 a factor of 2135464?
True
Does 18 divide 8303135?
False
Does 1889 divide 184844317?
True
Is 942 a factor of 367123776?
True
Is 8 a factor of 88282016?
True
Does 16 divide 970810973?
False
Is 8 a factor of 262292920?
True
Is 36459887 a multiple of 19?
False
Is 14077122 a multiple of 5?
False
Does 972 divide 688431636?
True
Is 288425991 a multiple of 296?
False
Is 2768 a factor of 25565248?
True
Is 341 a factor of 1340525560?
True
Is 1099965228 a multiple of 70?
False
Is 130895346 a multiple of 4?
False
Does 161 divide 2007108493?
False
Is 12518648 a multiple of 18?
False
Is 11 a factor of 35535260?
False
Does 14 divide 13260352?
True
Is 37178321 a multiple of 457?
True
Is 13 a factor of 203322808?
True
Is 407373462 a multiple of 486?
True
Is 196109500 a multiple of 460?
True
Does 6 divide 194918629?
False
Does 132 divide 553103760?
True
Is 158 a factor of 32720083?
False
Is 412 a factor of 19039344?
True
Is 228768 a multiple of 3?
True
Does 212 divide 24276084?
False
Is 51937453 a multiple of 23?
False
Is 510 a factor of 22539960?
True
Is 13 a factor of 278959773?
False
Does 34 divide 602393852?
False
Is 6 a factor of 108487478?
False
Is 470 a factor of 52761333?
False
Is 945 a factor of 21062160?
True
Is 56962387 a multiple of 797?
True
Is 2708339 a multiple of 24?
False
Does 22 divide 188537118?
True
Is 17217862 a multiple of 40?
False
Does 1725 divide 27016862?
False
Is 266171234 a multiple of 443?
True
Is 3955 a factor of 26544057?
False
Is 1275203736 a multiple of 639?
True
Is 119 a factor of 269677800?
True
Does 290 divide 111517019?
False
Does 479 divide 18658099?
False
Is 485451664 a multiple of 252?
False
Is 32880852 a multiple of 806?
False
Does 124 divide 11231649?
False
Is 3595 a factor of 108285531?
False
Is 1065 a factor of 48281775?
True
Is 577269198 a multiple of 18?
True
Is 35000275 a multiple of 308?
False
Does 14 divide 1492148?
True
Is 142 a factor of 22756920?
True
Does 281 divide 23091681?
False
Is 101982672 a multiple of 36?
True
Does 8 divide 101859925?
False
Does 406 divide 256706898?
True
Does 257 divide 63416924?
False
Does 318 divide 455380668?
False
Is 1368846820 a multiple of 4070?
